pose o = 2*s + j + 4*j - 162, s - 2*j - 81 = 0. Suppose -6*a = -5*a - s. What is the units digit of a?
1
Let p = -681 - -645. What is the hundreds digit of (1194/(-8))/(-3 - p/16)?
1
What is the ten thousands digit of (-123113)/(-6) + (-21)/(-3)*1/42?
2
Let o be (-1 + (-2)/3)/(4/(-12)). Let i(l) = 14*l**2 + 17*l - 94. What is the units digit of i(o)?
1
What is the ten thousands digit of (-1)/(2/4) + (-702)/26 + 39091?
3
Let n(k) = k**3 + 9*k**2 - k - 23. Let o be n(-9). Let t(s) be the second derivative of s**4/12 + 13*s**3/6 + 7*s**2/2 + 8*s. What is the tens digit of t(o)?
2
Let j(h) be the first derivative of 59*h**4/4 - h**3/3 - 11. Let x be j(1). Suppose 0 = 5*w - 10, -x = -5*a - 0*a + w. What is the units digit of a?
2
Let u = 44903 + 2627. What is the tens digit of u?
3
Suppose 5*f = -4 + 14. Let g be (-1 - f)*(-64)/48. Suppose -2*c + g*c = -4*s + 204, -4*s = -5*c - 218. What is the tens digit of s?
5
Suppose y + 2*z - 2 = -0*y, -4*y + 5 = 5*z. Let s(c) = -3 - c**2 + y + 4*c + 18*c - 6. What is the units digit of s(8)?
3
Suppose -25*m + 23465 = -6*m. Suppose 3*r = -3*b + 5*b - m, -b + 622 = 3*r. What is the hundreds digit of b?
6
Let k(l) = 4*l - 3. Let s be k(2). Let b(y) = 0*y**2 + 3*y**2 - 2*y**2 + 9 - s*y - 8. What is the units digit of b(10)?
1
Let x(b) = 385*b - 1073. What is the hundreds digit of x(19)?
2
Let x(y) = -2*y**3 + 220*y**2 + 50*y - 397. What is the units digit of x(110)?
3
What is the tens digit of 63672/140*(-25)/(-15)?
5
Suppose -96 = 12*c - 288. Suppose c*r = -34*r + 17250. What is the units digit of r?
5
Let j(d) = -d - 3*d + d - 24. Let t be j(-9). Suppose 2*k - 3*a - 246 = 0, t*a = -3*k + 2*a + 358. What is the units digit of k?
0
Suppose -8*d + 20 = -4*d. Suppose 2220 = 4*i - d*r, 5*i - 9*i + 2*r = -2232. What is the tens digit of i?
6
Let u(v) = 99*v - 46. Let z be u(14). Suppose 3*x + 3*a - 996 = -0*x, 2*a = 4*x - z. What is the tens digit of x?
3
Suppose -2*s + o + 24 = -o, s - 12 = -2*o. Let b be (-8430)/(-36) - ((-10)/s + 1). Let c = b + -124. What is the hundreds digit of c?
1
Let c(a) = -160*a - 803. What is the tens digit of c(-23)?
7
Let a(j) = j - 24. Suppose 0*q - 6*q = -102. Let o be a(q). Let t(z) = -19*z - 24. What is the hundreds digit of t(o)?
1
Let y = -1950 - -3294. Suppose a = 5*u - 2197 - 39, 3*u - y = 3*a. What is the hundreds digit of u?
4
Suppose 2*f - f - 182 = 0. Let c(o) = o**3 - 32*o**2 - 53. Let v be c(32). Let q = f + v. What is the tens digit of q?
2
Let b(a) be the first derivative of 4*a**3/3 - 15*a**2/2 - 65*a - 76. What is the units digit of b(-10)?
5
Suppose 4*v - z - 284 = 8*v, 0 = -2*v - 3*z - 132. What is the thousands digit of 21*((-8)/(-14))/(v/(-6468))?
1
Let g be (-140)/21*(-2316)/10. Suppose 5*r + q = -q + g, -1246 = -4*r + 2*q. Let s = r + -221. What is the units digit of s?
9
Suppose 16*z - 20*z + 21728 = 0. What is the thousands digit of z?
5
Let g(v) = v**3 - 6*v**2 + 5*v + 1. Let z be g(5). Suppose 6 = -3*o + 3*x, 3*o + 12 = 5*x - 8*x. What is the units digit of 108 + z*(-3 - o) + 0?
8
Let m(z) be the second derivative of -1/20*z**5 + 8*z + 11/12*z**4 + 0 + 1/3*z**3 + 5/2*z**2. What is the tens digit of m(10)?
2
Suppose -26694*g + 26674*g = -958280. What is the tens digit of g?
1
Let g(o) be the third derivative of 1/15*o**6 - 5/6*o**3 + 0 - 21*o**2 - 1/15*o**5 + 5/24*o**4 + 0*o. What is the tens digit of g(2)?
5
Suppose 150*l = 120*l + 185070. What is the tens digit of l?
6
Let x = 228 + 8. Suppose -113 = 3*w + 244. Let h = w + x. What is the units digit of h?
7
Let b(x) = -x**2 - 3*x + 45. Let c be b(9). Let q = -34 - c. What is the units digit of q?
9
Let p(x) = 4*x - 19. Let h be p(6). Suppose w = -a - 0*a + 36, -h*w = 2*a - 183. Let i = 41 - w. What is the units digit of i?
4
Suppose -4*c + 20 = -0*c, c = -4*y - 139. What is the tens digit of (-24)/y - 799/(-3)?
6
Let g(r) = -118*r - 7. Let s be g(1). Let o = 960 - s. What is the units digit of o?
5
Let t(g) be the first derivative of 5/3*g**3 + 5/2*g**2 - 25 - 2*g. What is the units digit of t(3)?
8
Suppose 2*p - 189 = 11*p. Suppose -s = -6*s - 180. Let w = p - s. What is the units digit of w?
5
Let h be (-51500)/40*2/(-5). Let p = h + -382. What is the hundreds digit of p?
1
Let j(r) = r**3 - 11*r**2 - 14*r - 62. What is the thousands digit of j(17)?
1
Let k = 4766 + -2770. What is the units digit of k?
6
Let q(k) = k**3 - 30*k**2 - 4*k + 74. Let o be q(30). Let u = o - -330. What is the hundreds digit of u?
2
Suppose 2*m - m - 607 = 4*j, 2*m + 5*j - 1240 = 0. Suppose 3*a + u = 1859, 0*u + 5*u - m = -a. What is the tens digit of a?
2
What is the thousands digit of (297450/(-120))/((-60)/(-16) + -4)?
9
Let d(f) be the third derivative of -157*f**4/8 + 7*f**3/3 - 5*f**2 + 12*f. What is the units digit of d(-1)?
5
Let l(w) = -30*w - 135 + 20*w + 32*w. What is the units digit of l(30)?
5
Suppose -138375 = -5*y + 5*c, 0 = 906*y - 901*y - 4*c - 138373. What is the units digit of y?
3
Let t = -232 - -222. Let j(z) = -z**3 - 6*z**2 - 13*z - 11. What is the units digit of j(t)?
9
Let a(l) = -l**3 + 18*l**2 + 19*l. Let m be a(19). Suppose m = -8*v + 17*v - 2637. What is the tens digit of v?
9
Let w(s) = 8*s**2 + s + 4. Let u be w(-4). Suppose 139*n = u*n + 17556. What is the thousands digit of n?
1
Let d = -2802 + 2818. Let b(w) = -20*w + 6*w + 0*w**2 + w**2 - 2. What is the units digit of b(d)?
0
Suppose s + 0*a + 3*a - 8021 = 0, 3*s - 4*a - 24050 = 0. What is the units digit of s?
8
Let z = 440 - 669. Let c = 313 - z. What is the tens digit of c?
4
What is the hundreds digit of 78398/4*18/15 + (-198)/(-330)?
5
Suppose 5*y = -4*l + 67 + 90, y - 170 = -5*l. Let t(z) = -z**2 + 40*z + 100. What is the tens digit of t(l)?
3
What is the hundreds digit of (-2)/24 - (-2395470)/360?
6
Let q(a) = 76*a + 57. Suppose -h + 38 = 5*t, 7 = 2*t + 5*h - 22. What is the tens digit of q(t)?
8
Suppose -7*n - 6*n - 13325 = -277004. What is the tens digit of n?
8
Suppose 2*b + 256 = 3*g, -228 = b + b + 4*g. Let a = b - -186. Suppose 59*t = a*t - 855. What is the units digit of t?
1
Let i(z) be the first derivative of -5*z**2/2 - 11*z + 3. Let c be i(4). Let g = 43 + c. What is the units digit of g?
2
What is the tens digit of (-346 + 341)/((-5)/43893)?
9
Let n(w) = 3*w + 26. Let t be n(-8). Suppose z + 6 = 3*l, -t*z + 6 = -l + z. Suppose -3*p = 2*x - 29, 61 = -3*x + 7*x + l*p. What is the tens digit of x?
1
Let j(l) = 9*l + 24. Let u be j(-2). What is the hundreds digit of ((-28820)/66)/((-4)/u)?
6
Let d(w) = -4*w**2 - 47*w + 1. Let g(m) = 7*m**2 + 91*m - 1. Let z(l) = -7*d(l) - 3*g(l). What is the units digit of z(-10)?
6
Suppose 5*j + 5*g - 8 = 17, 2*g = 8. Let t(o) = -o**3 - 12*o**2 - 28*o - 8. Let d be t(-9). Let l = j + d. What is the units digit of l?
2
Let h = 729 + -732. What is the units digit of (-40)/((-2 - h)/(-42))?
0
Let i = 28 + -12. Let w(n) = 10*n**2 + n**2 - n - i*n + 4*n**3 - 3*n**3. What is the tens digit of w(-12)?
6
Let g(y) = 369*y**2 + 50*y + 410. What is the tens digit of g(-7)?
4
Let z = -67 + 75. What is the hundreds digit of (-726)/(-2) + z/((-12)/6)?
3
Let k(f) = -2*f - 17. Let y be k(-7). Let j be (1 + 4 - 172)*y. Suppose -6*g + j = -117. What is the units digit of g?
3
Let b(g) = 191*g**3 - 34*g**2 + 51*g + 28. What is the ten thousands digit of b(6)?
4
Let j = -822 + 825. What is the tens digit of (2 + 1)/(6*j/1620)?
7
Let u = -2513 - -5548. What is the thousands digit of u?
3
Let t = -13952 - -20237. What is the tens digit of t?
8
Let x(b) = 40*b - 17*b - 5*b**2 + 3*b**2 - 15*b - 25*b**3 - 21 - 15*b. What is the tens digit of x(-3)?
5
Let s = 107 - 107. Suppose s = f - c - 421, -4*c + 715 = 5*f - 1417. What is the units digit of f?
4
Let g(q) = 4*q - 80. Let c be (-14)/42 - (-128)/(-6)*-1. Let b be g(c). Suppose 417 = 3*w + b*l, 0*w - 2*w - 4*l + 282 = 0. What is the units digit of w?
5
Let v be (-112)/21*((-75)/10 - 3). Suppose -476 = v*s - 60*s. What is the tens digit of s?
1
Let n(s) = -s**2 - s + 12. Let h be n(3). Suppose h*c - 4 = -c. Suppose -u = y + c*y - 139, 0 = -5*u + 3*y + 583. What is the hundreds digit of u?
1
Let i(r) = -r**2 - 11*r - 9. Let l be i(-8). Suppose 65 = 4*f - l. Suppose 0 = -5*v + 2*u + f, 5*v + 2*u - 7*u - 20 = 0. What is the units digit of v?
4
What is the hundreds digit